se -5*u + 2*i = 220, 2*u + 64 + 40 = 4*i. Let h = u + 28. Let v = h + 15. What is the units digit of v?
1
Let c = -26 + 29. Suppose -2*o - c*o = -365. What is the units digit of o?
3
Suppose -4*l - 1244 = 4*m - 4524, 0 = -3*l - 15. What is the hundreds digit of m?
8
What is the tens digit of (-1)/6 - (-2)/((-12)/(-1531))?
5
Let v be 2 - 3/(0 - (-4)/(-4)). Let r(h) = 4*h**2 - 7*h**3 + 8*h - 8 + 6*h**3 + h**2. What is the tens digit of r(v)?
3
Let f = -2496 + 3571. What is the units digit of f/35 - 6 - (-4)/14?
5
Let f = -28 + 30. Suppose 5*s = -5*d + 3*d + 271, 0 = f*s - 10. What is the tens digit of d?
2
Suppose 21*p = 4*p + 136. Let z(s) = s - 2. Let i be z(-4). Let x = i + p. What is the units digit of x?
2
Suppose -17*u = -13*u - 5*d - 7279, -5*d = 15. What is the tens digit of u?
1
Let y be (11 + -9)*(-5)/(-2). Let n(v) = -v**3 + 11*v**2 - 11*v - 4. What is the tens digit of n(y)?
9
Let h(x) = -5*x - 2. Let u be h(2). Let p = u + -12. Let z = 19 - p. What is the units digit of z?
3
Suppose 3*p - 5*w - 1 = 9, -3*p - w = 2. Suppose 51 = -p*z + z. What is the units digit of -44*(z/(-12) - -4)?
1
Let r(s) = -149*s**3 - s**2 - 2*s - 2. What is the tens digit of r(-1)?
4
Suppose 2*j = -3 + 9. Suppose -j*h + 219 = -102. What is the hundreds digit of h?
1
Let o(f) = f**3 + 3*f**2 - 4*f - 4. Let c be o(-3). Let r be c/32 - 73/4. Let i = r - -58. What is the tens digit of i?
4
Let m(t) = -1. Let p(y) = 13*y - 19. Let w(z) = 5*m(z) - p(z). What is the hundreds digit of w(-8)?
1
Let z = 137 + -140. Let b(t) = 2*t**2 - 8. Let o(w) = -w**2 + w + 7. Let s(l) = 4*b(l) + 5*o(l). What is the tens digit of s(z)?
1
Let s(k) = 42*k + 12. What is the units digit of s(10)?
2
Let b = -16 + 13. Let j be 1/b + (-23)/3. Let x = 48 + j. What is the tens digit of x?
4
Let x(a) = 2*a**2 + 1. Let s be x(2). Suppose -2*z + s = -13. What is the tens digit of z?
1
Let j(y) be the second derivative of -y**5/20 - y**4/2 + 4*y**3/3 + y**2 + 3*y. Let a be j(-7). Let h(v) = -v**2 - 10*v - 7. What is the units digit of h(a)?
8
Let y(f) = 340*f**2 - 29*f + 84. What is the units digit of y(3)?
7
Suppose -2*g = -7*g - 2*j + 7373, 1470 = g + 5*j. What is the thousands digit of g?
1
Let v = -116 - -118. Suppose 2*y = h + 83, -v*h = 4*y - h - 169. What is the units digit of y?
2
What is the hundreds digit of (0 + -12)*1498/(-28)?
6
Let q be (-50)/30*(-1 + -2). Let r(c) = -3*c + 5*c - 5*c - q. What is the units digit of r(-10)?
5
Let n = -33 + 29. Let u(m) = -21*m - 14. Let l be u(n). What is the units digit of l/(-2)*(-36)/20?
3
Let g(h) = h**3 - 8*h**2 + 6*h + 9. Let k be g(7). Suppose -m - 23 = -k*p, -3*m = 2 + 1. What is the units digit of p?
1
Let y(d) = 2*d**2 - d. Let l(t) = t + 5. Let w be l(-4). Let b be y(w). Suppose -k + b = -0, -4*u + 5*k = -79. What is the units digit of u?
1
Suppose 0 = -3*t + 3, 2*r = -3*r - 3*t + 58. Suppose -r*h - 694 = -1706. What is the tens digit of h?
9
What is the thousands digit of 1758 - (1 + 8 - 8)?
1
Suppose -2*t + 3*u + 138 + 4248 = 0, -u = 3*t - 6601. What is the thousands digit of t?
2
Let j(b) = 165*b + 128. What is the hundreds digit of j(4)?
7
Let i(h) = -h**2 - 13*h - 2. Let y be i(-10). Let p be 6/(3/(-3)) - 1. Let n = y - p. What is the units digit of n?
5
Let y(p) = -p**3 - 4*p**2 - 4*p + 5. Let z be y(-6). Let m = z - 48. What is the tens digit of m?
5
Suppose 2*r = -2*p + 6*p + 288, -4*r + 581 = -3*p. What is the units digit of r?
6
Let l(s) = -9*s - 1. Let z be l(5). Let k = 80 + z. Let x = 40 - k. What is the units digit of x?
6
Suppose 0 = 48*y - 64*y + 29504. What is the tens digit of y?
4
Let p(a) = -1 - 8*a + 2 - 2*a**2 + a**2 + 8. What is the units digit of p(0)?
9
Let l = -57 - -61. Suppose -2*r - i + 192 = -5*i, 5*r = -l*i + 536. What is the units digit of r?
4
Let u(r) = 61*r + 476. What is the hundreds digit of u(48)?
4
Suppose 5*f + 925 - 160 = 0. Let j be f/15 + (-1)/(-5). Let k = 13 + j. What is the units digit of k?
3
Suppose 0*v = -7*v - 98. Let u = 30 - v. Suppose 0 = -5*c - 0*b - b + 39, u = 4*c + 4*b. What is the units digit of c?
7
Let q = 339 - 233. What is the tens digit of q?
0
Let g(i) = i - 15 - 4*i - 10. What is the tens digit of g(-18)?
2
Let u(j) = j - 4. Let v be u(6). What is the units digit of (-2)/v*6/(-6)?
1
What is the hundreds digit of (-94)/12*(16 + -238)?
7
Let h(t) = 2*t + 2. Suppose 0*r = -2*r + 22. Let d = -9 + r. What is the units digit of h(d)?
6
Let l(q) = -51*q + 398. What is the thousands digit of l(-15)?
1
Let v be 1/(-5) - 84/(-20). Suppose 45 = -v*o - 343. What is the units digit of 1/(-2)*(o - -7)?
5
Let o(t) = t. Let u be o(2). Suppose -u*p + 14 + 2 = 0. What is the units digit of p?
8
Suppose k = 5*h - 18 - 33, -3*h - 2*k + 41 = 0. What is the units digit of h?
1
Let i(f) = 7*f - 10. Let u be i(-2). Let s(a) = -a**3 - 25*a**2 - 28*a - 9. What is the units digit of s(u)?
7
Let g(q) = 1030*q**2 + q. What is the tens digit of g(-1)?
2
Suppose 3*k + 49 - 19 = 0. Let a = 10 + k. Suppose a = -2*i - q + 4, 2*q - 1 = -3*i - 2*q. What is the units digit of i?
3
Suppose -14423 = -4*g - 2247. What is the thousands digit of g?
3
Let d(q) = 22*q**2 + 3*q + 4. Let b be d(-2). Suppose -u + b - 17 = 2*h, 4 = 2*h. Let l = u + -31. What is the tens digit of l?
3
Let k be 2/(-2)*(-16)/1. Let f = 470 - 458. Let b = k - f. What is the units digit of b?
4
Suppose 0 = 4*h - 11 - 4545. What is the hundreds digit of h?
1
Suppose 0*b - b = -5, 3*j + 4*b = 20. Suppose t - 2*t + 2 = j. Suppose -q = c, 4*q - 2*c - 20 = t*q. What is the units digit of q?
5
Let q(p) = -48*p**3 + p**2 - 2*p - 2. Let r be q(-1). Suppose 3*t + 2*i - 310 = r, -5*t - 4*i + 601 = 0. What is the tens digit of t?
1
Suppose -54*w + 82350 = -121824. What is the tens digit of w?
8
Suppose 186*n - 262950 = 111*n. What is the tens digit of n?
0
Let g(b) = b**2 - 11*b - 17. Let c be g(18). Let n = c + -100. What is the units digit of n?
9
What is the tens digit of (94822/(-910))/(2/(-10))?
2
Suppose -f - 4 = -3*g, -3*g = -4*f - g + 4. Let i(z) = -15*z**f + 4*z**3 - 3*z**3 - z + 7 + 15*z**2. What is the units digit of i(0)?
7
Let r = -14 + 42. Let y = 23 - 36. Let i = r + y. What is the tens digit of i?
1
Let a = -953 - -1488. Suppose -200 = -2*r + 2*p, -5*r + 3*p + a = 5*p. What is the tens digit of r?
0
Suppose -3765 = -7*z + 498. What is the tens digit of z?
0
Suppose -2*u + 2*c = 70, 5*c + 20 = -2*u - 64. What is the units digit of 3 - (-1 + u - -2)?
9
Let d be 69/9 - ((-24)/(-9))/(-8). Suppose -2 = -k + 2. Let i = k + d. What is the units digit of i?
2
Suppose 2*z = -7 + 109. Let j = 78 + z. What is the units digit of j?
9
Let s be 30/4 - (-3)/6. Suppose -2*z + 6 = t - s, 4*t - 11 = z. Suppose -142 = -t*k + 2*q, -144 = -5*k + q + 29. What is the tens digit of k?
3
Let s = -82 + 508. What is the hundreds digit of s?
4
Let k be 30/(-25)*15/(-6). What is the tens digit of -1 + 62 + 6/k?
6
Suppose 3 + 3 = -3*m. Let x = m - -2. Suppose 2*k + x*k - 108 = 0. What is the units digit of k?
4
Let b(m) = -2*m + 4. Let d be b(-4). Suppose j - 5 = -2. Suppose d = -j*o + 6*o. What is the units digit of o?
4
Suppose 0 = 5*o + o. Let t be 21/5 + 1/(-5). Suppose 0 = -p - t, -j + o*p - 3*p = -15. What is the tens digit of j?
2
Suppose 0 = -3*a + 2*n - 3*n + 10, -2*a - 4*n - 10 = 0. Let l(s) = 3 + 11*s + a*s - s. What is the units digit of l(3)?
8
Suppose -10*w + 5*z = -37130, -2 = -5*z + 4*z. What is the units digit of w?
4
What is the tens digit of 14/35*5 + 671?
7
Let i(b) = -b**2 + 6*b - 3. Let j be i(5). Let g(r) = -4*r**2 + r - 5. Let s be g(j). Let z = -10 - s. What is the units digit of z?
9
Let d(r) be the third derivative of 3*r**5/20 - r**4/12 - r**3 + 5*r**2. Let p(y) be the first derivative of d(y). What is the tens digit of p(2)?
3
Let p = 744 - 358. What is the tens digit of p?
8
Suppose -5*i = -26*i + 45654. What is the thousands digit of i?
2
Let h be (-2 - (-172)/20)*-5. Let n be (-12)/10*55/h. Suppose 7*i + z - 158 = n*i, 0 = 2*i + z - 62. What is the tens digit of i?
3
Let f(q) = -4*q - 1. Let i be f(2). Let s = 10 + -7. Let g = s - i. What is the tens digit of g?
1
Let k(g) = 53*g + 20. Let a be (-3)/(-3) - (16/4 - 5). What is the hundreds digit of k(a)?
1
Let u(l) = 8*l - 24. Let y be (-2 + 4)*56/16. What is the units digit of u(y